be the second derivative of i**5/20 - i**3/3 - i**2/2 - 3*i. Let b = -20 - -19. Let f be 0/(-3) - (-1)/b. Determine q(f).
0
Let p(g) = 2*g**3 + g**2 - 3. Let i(w) = 13*w**3 + 12*w**2 + 2*w - 17. Let h(y) = i(y) - 6*p(y). What is h(-6)?
-11
Let x(i) = -4*i**3 - 9*i**2 + i + 5. Let p = -24 + 25. Let u(w) = -w**3 - w**2 + 1. Let k(h) = p*x(h) - 5*u(h). Give k(3).
-6
Suppose 544 = -411*m + 443*m. Let g(d) = -4*d + 56. Give g(m).
-12
Let u(o) be the first derivative of -o**3/3 - 3*o**2/2 + 3*o + 22. Calculate u(-4).
-1
Suppose -5*q = 2*l + 18, -3*q - 4*l = -9*l + 17. Let h = -5 + 7. Let d(x) = -7 + h + 6 + 2*x. Give d(q).
-7
Suppose 0 = 4*m - 2*n + 8, 5*m - 26*n = -25*n - 10. Let k(l) = 4*l + 4. Determine k(m).
-4
Let f(j) = 2*j**2 + 2*j + 3. Let r be f(-1). Suppose -7 = r*p - 22. Let t(s) = s**2 - 7*s + 1. What is t(p)?
-9
Let f(y) = -3*y**3 + 18*y**2 + 18*y + 7. Let d(l) = 2*l**3 - 9*l**2 - 9*l - 3. Let s(q) = 5*d(q) + 3*f(q). Determine s(-8).
-2
Suppose 27*h + 8 = 23*h. Let z(v) = -2*v**3 - v**2 + v - 1. Calculate z(h).
9
Let p(r) be the first derivative of -3*r**2/2 + r + 155. Let q = 5 - 1. Calculate p(q).
-11
Suppose -6*s + 28 = p - 8*s, -5*s = -p + 40. Suppose -16*d + p*d + 8 = 0. Let w(i) = i**3 + 2*i**2 + i - 1. Determine w(d).
-3
Let o(k) = -k**3 - 5*k**2 - k + 1. Let v be o(-5). Let d(b) = 2*b. Give d(v).
12
Let c(u) = 5*u**3 - 19*u**2 - 12*u - 1. Let z(p) = 3*p**3 - 12*p**2 - 8*p - 1. Let r(n) = 5*c(n) - 8*z(n). Give r(-3).
-27
Suppose -4*m - 3*y + 39 = 0, 3*m + 48 = 6*m - 4*y. Suppose 12 = 6*f + m. Let r(b) = b**3 + b**2 - 8. Calculate r(f).
-8
Let t(f) = f**3 - 2*f**2 - f - 1. Suppose -5 = -2*h + 1, 2*h = 2*j. Suppose 2*u - j*w - 7 + 23 = 0, 2*w - 10 = u. Calculate t(u).
-15
Suppose 4*h + 2 = 5*t, 104 = -4*h + 2*t + 108. Let f(x) = 3*x + 3. Give f(h).
9
Let f(n) = 2 - 5*n**2 + 13*n - 7 - 19*n - n**3 + 0*n**3 + 0. Calculate f(-3).
-5
Let t = 38 + -36. Let m(o) = -1 + 1 + o + t - 2*o. Give m(4).
-2
Let g(i) = -2 + 7*i**2 + i**3 - 3*i - 2*i - 2*i**3. Suppose 0 = -j + 2*j + 6. Let a(l) = l**3 + 7*l**2 + 4*l - 6. Let p be a(j). Give g(p).
4
Let b(j) = -j**2 + 10*j + 4. Suppose -4*c - 5*v = -45, -9*c + 7*c - 2*v = -20. Determine b(c).
29
Let r(j) = j**2 + 2*j. Suppose -n - 2 = 0, -2*f - 3*n - 20 = -5*n. Let u be ((-9)/f)/((-2)/8). Give r(u).
3
Suppose 0*m = -m + 3. Let j(k) = 0*k**2 + 6 - 34*k - 10 - k**2 + 37*k. Give j(m).
-4
Let x(f) be the third derivative of f**5/30 - f**4/4 + f**3/3 + f**2 + 2*f. What is x(3)?
2
Let y(o) be the second derivative of -o**4/12 - 5*o**3/6 + o**2 - 17*o - 2. Give y(-7).
-12
Suppose -6*w + 158 = 152. Let t(m) be the first derivative of 4*m**2 + 4. Give t(w).
8
Let q(j) = -j**2 + 4*j - 1. Let g be (-33)/1*10/(-30). Let z = g + -6. What is q(z)?
-6
Let j(a) = -a**3 - 4*a**2 - 3*a - 2. Let z(b) = -b**3 + 5*b**2 + 2*b - 4. Let r be z(3). Let y(p) = p**3 - p**2. Let u be y(1). Suppose u = -5*v - r. Give j(v).
10
Let y(i) = -i**2 + 8*i - 3. Let t be y(7). Let u(g) = -t*g + 3*g**2 + 3 + 8 - 2*g**2 - 7. What is u(4)?
4
Let t = 13 + -9. Let u(m) = -m - t*m + 4*m - 3. Calculate u(-4).
1
Let c(j) = 2*j**2 - 4. Let r(f) = 79*f + 556. Let l be r(-7). Calculate c(l).
14
Let r(m) = -m**2 - 6*m. Let h be r(-5). Let l(v) be the first derivative of -v**3/6 + v**2 + 2*v - 2. Let q(z) be the first derivative of l(z). Determine q(h).
-3
Suppose -12*l - 574 = -502. Let n(f) = -f**3 - 6*f**2 - 2*f. Calculate n(l).
12
Let o(k) = -k**2 + 7*k - 5. Suppose -4*x - 4*m + 12 = 0, -5*x + x = 3*m - 16. Let d(t) = 10*t - x*t - 4*t + 0*t. Let h be d(-6). Determine o(h).
1
Let j = 1 + 2. Suppose -32 = j*v - c - 3*c, 3*v + 3*c - 3 = 0. Let q(f) = 3*f - 3. Let s(a) = -a + 2. Let x(d) = -2*q(d) - 5*s(d). What is x(v)?
0
Let z = -758 + 758. Let v(x) = -2*x - 4. Let u be v(-3). Suppose z*b - 8 = u*b. Let d(w) = w**2 + 3*w - 5. Give d(b).
-1
Let q(t) = 3*t**2 + 5*t + 1. Let g(v) = -4*v**2 - 6*v - 2. Let p(c) = -2*g(c) - 3*q(c). Suppose -20 = 2*d + 3*u, -2*d = -d + 2*u + 12. What is p(d)?
-3
Let r(l) = l**3 - 6*l**2 - 20*l + 32. Let h be r(8). Let v(g) = -g**2 + 2*g + 1. Determine v(h).
1
Let t(q) be the second derivative of q**4/6 + 7*q**3/6 - 5*q**2/2 + 660*q. Give t(-7).
44
Let a be (6/5)/((-2)/(-10)). Let q(b) = b**3 - 2*b**2 + 8. Let v(w) = w**3 - w**2 - w + 8. Let x(p) = 6*q(p) - 5*v(p). Determine x(a).
2
Suppose -2*d + 77 = 7. Let z = -32 + d. Let o(p) = 3*p + 2. Determine o(z).
11
Suppose -16*w = -49 - 15. Suppose w*l - 3*j + 30 = 0, -2*l + 4*j = l + 26. Let d(a) = -a**3 - 7*a**2 - 6*a - 5. What is d(l)?
-5
Suppose 79*a + 5*p + 57 = 75*a, 3*a - 2*p + 14 = 0. Let v(o) = 3*o + 11. Calculate v(a).
-13
Suppose -33 = -4*u - 9. Let k(h) be the third derivative of 1/10*h**5 + 0*h - 1/2*h**3 - 2*h**2 - 1/120*h**6 + 0 + 1/12*h**4. Give k(u).
9
Let v(j) be the first derivative of -j**3/6 + j**2/2 + 14*j + 17. Let p(k) be the first derivative of v(k). Calculate p(2).
-1
Let v(b) = -5809 - 8*b - b**2 + 2*b**2 + 5806. Give v(8).
-3
Suppose -4*c = -4*d + 20, c = -3*d + 3*c + 12. Suppose 2*h + 4*x + 8 = 0, h + 3*x + 2*x + 13 = 0. Let p(m) = -h*m + 7 + m + d*m. Determine p(-5).
2
Let w(q) be the first derivative of q**5/20 - 7*q**4/12 + 2*q**3/3 + 3*q**2 + 7*q + 6. Let v(x) be the first derivative of w(x). Give v(6).
-6
Let v(x) = x - 1. Let b(g) = g**2 - 9*g + 10. Let s(r) = -b(r) - 6*v(r). Let j be s(3). Let a(n) = 3*n + 6. Give a(j).
-6
Let h(n) = -7*n + 1. Let s be (-5)/(-20)*(1 + 0 + -1). Suppose -o + s = -1. What is h(o)?
-6
Let o(d) = -d**3 + 5*d**2 - 6*d + 6. Let q be o(4). Let z(s) = s - 1. Give z(q).
-3
Let o(p) be the third derivative of -p**5/20 + p**3/6 - 4*p**2 + 4. Calculate o(1).
-2
Let o be 2/(-3) + 16/(-3). Let y(i) be the second derivative of i**4/24 + i**3/6 + 41*i**2/2 - 17*i. Let p(f) be the first derivative of y(f). What is p(o)?
-5
Let u(a) = -a**3 - 3*a**2 + a + 3. Let g = 13 + -18. Let q(k) = -k**3 - 6*k**2 - 3*k + 6. Let j be q(g). Calculate u(j).
15
Let b(j) = -j**3 + 6*j**2 - 7*j + 5. Suppose 0 = 5*k + 4 - 104. Suppose 5*h - k = -0*h. Determine b(h).
9
Suppose -5*h + 13*f = 9*f + 22, h + 3*f = 7. Let x(j) = 7*j - 1. Calculate x(h).
-15
Let p(z) = -10*z - 9*z**2 + 3*z**2 + 6 + 0 - 5*z**2 - z**3 + z**2. What is p(-9)?
15
Let u(b) be the first derivative of 7*b**4/4 - b**3/3 + b**2 - 3*b + 648. Determine u(2).
53
Suppose 154 = 17*u + 52. Let m(i) = 0*i**3 - 4*i - 7*i**2 - 8 + 2*i**2 + i**3. Calculate m(u).
4
Let f be -1*(-1 + 3) - (0 - -1). Let v(w) = -2 + 10*w**3 + 16*w**2 - 9*w**3 + 2*w - 12*w**2. Determine v(f).
1
Let q(v) = 4*v**2 + 4*v - 2. Let k(h) = h**2. Let y(g) = 5*k(g) - q(g). Let p(c) = -c**2 + 4*c + 65. Let j be p(10). Calculate y(j).
7
Let i be ((-8)/6)/(8/(-12)). Let z(w) be the second derivative of 1/20*w**5 + 0 - w**2 + 15*w + 0*w**3 + 0*w**4. What is z(i)?
6
Let s(f) = -f**3 + 4*f - 4. Let r be s(0). Let g(y) = y**2 + 4*y + 5. Determine g(r).
5
Let v(f) = -f**2 + 3*f - 6*f + 680 + 714 - 1396. Suppose -4*k + 3*k = 2. Determine v(k).
0
Let s(i) = -3*i - 2. Suppose -33*p = -39*p - 30. Give s(p).
13
Let b(t) be the first derivative of t**2/2 + 3*t - 1. Let n be 5*(-3)/6*4. Let o be 3/(-2) + 15/n. Give b(o).
0
Let k = 3 + -3. Let r = k - 3. Let l(b) = -3*b**2 + 2*b**2 - 8 + 0*b**2 + 4 - 4*b. Give l(r).
-1
Let l(z) = z - 10. Let o(b) = -2*b - 13. Let s be o(-15). Suppose -s*j = -14*j - 6. Suppose -4*u + j*u = -10. Give l(u).
-5
Suppose -9*w = -5*w. Suppose 0*s + 3*s + 18 = w. Let v(z) = 0*z + 1 + 3*z + 0. What is v(s)?
-17
Suppose 2631*h - 2624*h - 35 = 0. Let b(d) be the third derivative of -d**5/60 + 7*d**4/24 - 5*d**3/6 + d**2. Give b(h).
5
Let i(w) = 4*w**3 - 26*w**2 - 9*w - 19. Let a(k) = -3*k**3 + 18*k**2 + 6*k + 13. Let h(m) = -7*a(m) - 5*i(m). Give h(-3).
4
Let l(h) = 11*h - 22. Let n(j) = 10*j - 22. Let s(o) = -3*l(o) + 4*n(o). Give s(4).
6
Let g = -548 - -563. Let m(k) = -k + 8. Calculate m(g).
-7
Let w(g) be the second derivative of 1/120*g**6 + 3*g - 1/12*g**4 + 0 + g**3 - 1/12*g**5 + 5/2*g**2. Let i(r) be the first derivative of w(r). Determine i(5).
-4
Let k be 0 + 79/(-11) + 4/22. Let b(g) = g**3 + 7*g**2 + 4*g + 10. Give b(k).
-18
Let l(r) be the third derivative of r**5/60 - 2*r**3/3 + 46*r**2. What is l(3)?
5
Let l(s) = -s**3 + 19*s**2 + 20*s + 2. Let m be l(20). Let k(y) = -4*y + 47 + 4*y**2 - 5*